is the highest common factor of s and 1944?
24
Suppose 33 - 121 = 2*k + 4*l, 0 = 2*k - l + 78. Let c be (0 - 30)*16/k. What is the greatest common divisor of c and 192?
12
Suppose m - 4*y = -2*m + 1522, -2*m - y + 1022 = 0. Suppose -301 = -182*a - 16*a + 1679. What is the highest common divisor of a and m?
10
Suppose -q = -1260 - 2004. Suppose q = 11*x + 1009. Let b = x + 11. What is the greatest common factor of b and 24?
24
Let f be (-560)/12*114/(-152). Calculate the greatest common divisor of f and 2265.
5
Suppose -3*c - 4*r - 112 = 0, 2*c = -5*r - 115 + 38. Let a be 8/c + (-2530)/(-45) + 0. Calculate the greatest common factor of a and 24.
8
Let i be (-6985)/35 - 1*6/14. Let x be 6/((-91)/i + 3/(-8)). Calculate the highest common divisor of x and 50.
25
Let j(g) = 27*g + 1. Let r be j(1). Suppose -4*w + 3*v + 2313 = 0, -w - 3*v = -408 - 189. Let b = -330 + w. Calculate the greatest common factor of b and r.
28
Let x(c) = c**3 - 12*c**2 - 31*c - 36. Let m be x(15). Let s = 197 - m. Let l = -304 - -557. Calculate the highest common factor of l and s.
23
Let c(r) = -2*r**2 - 20*r + 10. Let n be c(13). Let l = n + 614. Calculate the greatest common factor of l and 702.
26
Suppose 14*s - 250 = 4*s. Let q = 25 + -30. Let p(v) = 8*v**2 - 4*v + 5. Let k be p(q). What is the greatest common divisor of s and k?
25
Let d(f) = 2*f**2 - 350*f - 6318. Let g be d(-17). What is the greatest common factor of 3850 and g?
70
Let w = 145 - 101. Let i be (-90)/(-135) + (2/9 + 0)*33. Calculate the highest common divisor of i and w.
4
Let v be 325/100 - (-6)/8. Let l be 15*(-3)/(-3) - (-12)/v. Calculate the greatest common factor of l and 414.
18
Suppose 70 = 3*t - o + 6, 78 = 4*t - 5*o. Let s = -3241 - -3249. Calculate the highest common factor of t and s.
2
Suppose 2*z + z = 12. Suppose -w - 3*w + 72 = 0. Suppose -w = 7*s - 16*s. Calculate the highest common factor of z and s.
2
Let g = -272 - -288. Let j(d) = -d - 4. Let q be j(-6). Suppose 0 = -2*p + 7*u - q*u + 244, u = 3*p - 340. Calculate the highest common factor of p and g.
16
Let u(t) = 46*t**2 - 123*t - 124. Let s be u(-1). Let o = 456 + -276. Calculate the greatest common factor of s and o.
45
Let s(u) = 22*u**3 - 8 + 12*u - 12*u**2 - 17*u**3 - 4*u**3. Let p be s(11). What is the highest common factor of p and 33?
3
Suppose -131 = 12*y + 37. Let u = y + 15. Let v be u + 3 - 7/(28/(-1272)). Calculate the highest common factor of 46 and v.
46
Let q(d) = d**2 + 23*d + 37. Let x be q(-21). Let g be (-2 + 0 - 0) + x. Let b be -2 - (4/28 - (-155)/g). Calculate the greatest common factor of 40 and b.
20
Let s = -1597 + 3813. What is the highest common factor of 8 and s?
8
Suppose -5*w = -37*c + 33*c - 370, 296 = 4*w - 2*c. Suppose 0 = 6*l - 734 - 376. Calculate the greatest common factor of l and w.
37
Suppose -t - 8 + 3 = 0, t + 9 = -2*b. Let i be -1 + (35 - b/2). Let g = -4115 - -4360. What is the highest common factor of i and g?
35
Suppose 5*d - 56 = -6*w + 7*w, 4*w - 16 = 0. Suppose 65 = 5*u + 5*v, 4*u - 3*v - 9 = 64. Calculate the highest common factor of d and u.
4
Let o(s) = 2*s**2 + 4. Let c be o(6). Suppose 350*f = 241*f + 109. Calculate the highest common divisor of f and c.
1
Let d = -4103 + 4454. Calculate the greatest common factor of d and 312.
39
Let j = -18 + 96. Let n = 79 + -62. Suppose -n*o + 468 = -8*o. What is the greatest common factor of o and j?
26
Suppose -4*k = 20 - 16, 5*v - 413 = 3*k. What is the highest common divisor of v and 8282?
82
Let f(n) = -n - 54. Let r be f(-7). Let p be r/3*-3 + -3. Let y = 48 - p. What is the highest common divisor of 20 and y?
4
Suppose -v + 5 = -2*v. Let n be (-327)/30*v + (-2)/4. Suppose -46 = 4*s - n. What is the greatest common divisor of 14 and s?
2
Suppose 12*v = -5 + 5. Suppose -n - 5*z + 545 = -6*n, v = -3*n - 4*z - 327. Let y = n - -112. What is the highest common factor of y and 12?
3
Let d be 2308/18 - 20/90. Suppose -y + d = 4*i + 20, 5*y = -4*i + 92. Let t be 2*9/(-6) - (-2 + -29). Calculate the greatest common factor of i and t.
28
Let l be 5 - (18 - 87750/15). What is the highest common divisor of 78 and l?
13
Suppose -12*n + 768 = -432. What is the highest common divisor of n and 430?
10
Let g = 9 + 90. Suppose 11*q - 518 = 274. What is the highest common factor of q and g?
9
Suppose 2*a = 5*x + 185, 178 + 147 = 3*a + 2*x. Let k be (-4)/(-10) + 588/a. Let m be (-52)/12 + 5 + 116/k. Calculate the greatest common divisor of m and 5.
5
Let d be 1 + (1 + 0 + 2 - -43). Suppose h - 45 - d = 0. Suppose -7*p = -55 - 106. Calculate the greatest common factor of p and h.
23
Suppose -8*j = 3*j - 70*j + 50740. What is the greatest common divisor of j and 80?
20
Let h(w) = 6*w**2 - 63*w - 215. Let o be h(-20). Calculate the greatest common factor of 13 and o.
13
Let v = -24297 - -34870. What is the highest common divisor of v and 97?
97
Let h(d) = -2*d**2 - 36*d - 6. Let m be h(-6). Let n = m - 126. Suppose -4 = -a - 5*g, -a = 2*a + 5*g - 12. Calculate the highest common divisor of n and a.
4
Suppose -5*o + 4*x = -242, -109*x = 3*o - 108*x - 169. Calculate the highest common divisor of o and 2619.
27
Let a = 1 - -6. Let n be (38/(-19))/(2/(-11)). Suppose -2*l + 28 = 2*f, 3*f + n + a = 3*l. Calculate the greatest common factor of l and 2.
2
Let o = -223 - -224. Let k be -15*(-1 - -2)*(-1)/o. What is the highest common factor of k and 120?
15
Suppose m - 22 = 2*w, -73*m + 75*m = 5*w + 49. Let z be 6/4 - 7/14. Calculate the highest common divisor of m and z.
1
Suppose -2*i = -v + 36, 0 = 2*v - 7*v + i + 153. Let j be (-13*9)/((-2*(-270)/300)/(-6)). What is the highest common factor of j and v?
30
Let s(a) = -42*a - 30. Let f be s(15). Let l be f/10*1*(-10)/4. Let p = -3 - -18. Calculate the greatest common divisor of p and l.
15
Let f = 256 + 19. Let s = 321 - f. What is the greatest common factor of s and 299?
23
Let y = 4189 + -4064. Calculate the greatest common factor of y and 6875.
125
Let t = -19829 - -20635. What is the highest common factor of 620 and t?
62
Suppose -1618230 = 2*r - 59*r. What is the greatest common divisor of r and 10?
10
Let z be ((-1209)/117)/((-15)/8100). Calculate the highest common factor of z and 360.
180
Let f be (-1)/2*-2 + 454. Suppose 2*x = 25*a - 26*a + 72, 4*x + 5*a - 150 = 0. Calculate the highest common factor of f and x.
35
Let a = 117 - 67. Suppose 0 = -8*x - 3*x + 4950. What is the greatest common factor of a and x?
50
Let z = -30715 - -30764. Calculate the greatest common divisor of z and 7525.
7
Let d be ((-30)/(-35))/(6/10668). Calculate the greatest common divisor of 24 and d.
12
Let j be 4706/(-6)*((-285)/15 + 16) - 8. Calculate the highest common factor of 25 and j.
5
Let a(p) = -2*p**3 - 9*p**2 - 2*p + 20. Let h be a(-5). Suppose -4*u + 78 = -98. Calculate the highest common factor of u and h.
11
Let c = -44 + 45. Suppose 2*m = 13 + c. Suppose -11*q = -767 + 151. Calculate the greatest common factor of q and m.
7
Let i = -378 - -1. Let l = -124 - i. What is the greatest common divisor of l and 69?
23
Suppose 5*s - 64 = 2*q, -12*s = -16*s + q + 47. Suppose -4 = 5*j - 44. What is the highest common divisor of s and j?
2
Suppose -13*n - 206 = 171. Let k be 1 + 40 - (n + 37). Calculate the highest common divisor of 12 and k.
3
Suppose 0 = -45*n + 48*n - 1188. Suppose -3*x + n = 4*s - 6*s, -2*s = -5*x + 660. What is the greatest common divisor of 330 and x?
66
Let o be (156/117)/(2/3)*(-2575)/(-2). What is the greatest common factor of o and 25?
25
Suppose r - 80 = -3. Let z = r + -57. Let t = -19 + 39. Calculate the highest common divisor of t and z.
20
Let m = -2793 - -3189. Suppose 4*j + r = 179, -2*j + 0 = r - 91. Calculate the greatest common divisor of j and m.
44
Let c = -31 - 5. Let q = -27 - -37. Let n be (-254)/(-10) - (c/q + 4). What is the highest common divisor of 5 and n?
5
Let r be (-3)/18*0 + 4. Suppose k - 215 = 3*z - 6*z, 356 = 5*z + r*k. Let s be (-1)/(-3) - 323/(-3). What is the highest common divisor of z and s?
36
Let t be 50/(-35)*-7 + -7. Suppose -3*c + 2*o = -0*o - 227, -3*c + 228 = -t*o. What is the highest common divisor of c and 30?
15
Let a = -197 - -353. What is the highest common factor of 52 and a?
52
Let z be (-8*(-153)/54)/(8/6). What is the highest common factor of 